{"id":890,"date":"2019-01-03T11:19:25","date_gmt":"2019-01-03T11:19:25","guid":{"rendered":"http:\/\/oetternbach.de\/wp-content\/uploads\/2019\/01\/LZ-Grafik-Unverpackt-L\u00e4den-in-Lippe.jpg"},"modified":"2019-01-03T11:22:14","modified_gmt":"2019-01-03T11:22:14","slug":"lz-grafik-unverpackt-laeden-in-lippe","status":"inherit","type":"attachment","link":"http:\/\/www.oetternbach.de\/?attachment_id=890","title":{"rendered":"LZ Grafik Unverpackt-L\u00e4den in OWL"},"author":1,"comment_status":"open","ping_status":"closed","template":"","meta":[],"description":{"rendered":"<p class=\"attachment\"><a href='http:\/\/www.oetternbach.de\/wp-content\/uploads\/2019\/01\/LZ-Grafik-Unverpackt-L\u00e4den-in-Lippe.jpg'><img width=\"223\" height=\"300\" src=\"http:\/\/www.oetternbach.de\/wp-content\/uploads\/2019\/01\/LZ-Grafik-Unverpackt-L\u00e4den-in-Lippe-223x300.jpg\" class=\"attachment-medium size-medium\" alt=\"\" loading=\"lazy\" srcset=\"http:\/\/www.oetternbach.de\/wp-content\/uploads\/2019\/01\/LZ-Grafik-Unverpackt-L\u00e4den-in-Lippe-223x300.jpg 223w, http:\/\/www.oetternbach.de\/wp-content\/uploads\/2019\/01\/LZ-Grafik-Unverpackt-L\u00e4den-in-Lippe-768x1033.jpg 768w, http:\/\/www.oetternbach.de\/wp-content\/uploads\/2019\/01\/LZ-Grafik-Unverpackt-L\u00e4den-in-Lippe-761x1024.jpg 761w, http:\/\/www.oetternbach.de\/wp-content\/uploads\/2019\/01\/LZ-Grafik-Unverpackt-L\u00e4den-in-Lippe-624x839.jpg 624w, http:\/\/www.oetternbach.de\/wp-content\/uploads\/2019\/01\/LZ-Grafik-Unverpackt-L\u00e4den-in-Lippe.jpg 1023w\" sizes=\"(max-width: 223px) 100vw, 223px\" \/><\/a><\/p>\n"},"caption":{"rendered":"<p>Grafik: J\u00fcrgen Schutheiss (Quelle der L\u00e4den), ver\u00f6ffentl. LZ, Lebensmittel zu schade f\u00fcr die Tonne, 2.01.2019, Seite 5<\/p>\n"},"alt_text":"","media_type":"image","mime_type":"image\/jpeg","media_details":{"width":1023,"height":1376,"file":"2019\/01\/LZ-Grafik-Unverpackt-L\u00e4den-in-Lippe.jpg","sizes":{"thumbnail":{"file":"LZ-Grafik-Unverpackt-L\u00e4den-in-Lippe-150x150.jpg","width":150,"height":150,"mime_type":"image\/jpeg","source_url":"http:\/\/www.oetternbach.de\/wp-content\/uploads\/2019\/01\/LZ-Grafik-Unverpackt-L\u00e4den-in-Lippe-150x150.jpg"},"medium":{"file":"LZ-Grafik-Unverpackt-L\u00e4den-in-Lippe-223x300.jpg","width":223,"height":300,"mime_type":"image\/jpeg","source_url":"http:\/\/www.oetternbach.de\/wp-content\/uploads\/2019\/01\/LZ-Grafik-Unverpackt-L\u00e4den-in-Lippe-223x300.jpg"},"medium_large":{"file":"LZ-Grafik-Unverpackt-L\u00e4den-in-Lippe-768x1033.jpg","width":768,"height":1033,"mime_type":"image\/jpeg","source_url":"http:\/\/www.oetternbach.de\/wp-content\/uploads\/2019\/01\/LZ-Grafik-Unverpackt-L\u00e4den-in-Lippe-768x1033.jpg"},"large":{"file":"LZ-Grafik-Unverpackt-L\u00e4den-in-Lippe-761x1024.jpg","width":761,"height":1024,"mime_type":"image\/jpeg","source_url":"http:\/\/www.oetternbach.de\/wp-content\/uploads\/2019\/01\/LZ-Grafik-Unverpackt-L\u00e4den-in-Lippe-761x1024.jpg"},"post-thumbnail":{"file":"LZ-Grafik-Unverpackt-L\u00e4den-in-Lippe-624x839.jpg","width":624,"height":839,"mime_type":"image\/jpeg","source_url":"http:\/\/www.oetternbach.de\/wp-content\/uploads\/2019\/01\/LZ-Grafik-Unverpackt-L\u00e4den-in-Lippe-624x839.jpg"},"full":{"file":"LZ-Grafik-Unverpackt-L\u00e4den-in-Lippe.jpg","width":1023,"height":1376,"mime_type":"image\/jpeg","source_url":"http:\/\/www.oetternbach.de\/wp-content\/uploads\/2019\/01\/LZ-Grafik-Unverpackt-L\u00e4den-in-Lippe.jpg"}},"image_meta":{"aperture":"0","credit":"","camera":"","caption":"","created_timestamp":"1546517379","copyright":"","focal_length":"0","iso":"0","shutter_speed":"0","title":"","orientation":"1","keywords":[]}},"post":342,"source_url":"http:\/\/www.oetternbach.de\/wp-content\/uploads\/2019\/01\/LZ-Grafik-Unverpackt-L\u00e4den-in-Lippe.jpg","_links":{"self":[{"href":"http:\/\/www.oetternbach.de\/index.php?rest_route=\/wp\/v2\/media\/890"}],"collection":[{"href":"http:\/\/www.oetternbach.de\/index.php?rest_route=\/wp\/v2\/media"}],"about":[{"href":"http:\/\/www.oetternbach.de\/index.php?rest_route=\/wp\/v2\/types\/attachment"}],"author":[{"embeddable":true,"href":"http:\/\/www.oetternbach.de\/index.php?rest_route=\/wp\/v2\/users\/1"}],"replies":[{"embeddable":true,"href":"http:\/\/www.oetternbach.de\/index.php?rest_route=%2Fwp%2Fv2%2Fcomments&post=890"}]}}

http://oetternbach.de/wp-content/uploads/2019/01/LZ-Grafik-Unverpackt-Läden-in-Lippe.jpg

LZ Grafik Unverpackt-Läden in OWL

<p class="attachment"><a href='http://www.oetternbach.de/wp-content/uploads/2019/01/LZ-Grafik-Unverpackt-Läden-in-Lippe.jpg'><img width="223" height="300" src="http://www.oetternbach.de/wp-content/uploads/2019/01/LZ-Grafik-Unverpackt-Läden-in-Lippe-223x300.jpg" class="attachment-medium size-medium" alt="" loading="lazy" srcset="http://www.oetternbach.de/wp-content/uploads/2019/01/LZ-Grafik-Unverpackt-Läden-in-Lippe-223x300.jpg 223w, http://www.oetternbach.de/wp-content/uploads/2019/01/LZ-Grafik-Unverpackt-Läden-in-Lippe-768x1033.jpg 768w, http://www.oetternbach.de/wp-content/uploads/2019/01/LZ-Grafik-Unverpackt-Läden-in-Lippe-761x1024.jpg 761w, http://www.oetternbach.de/wp-content/uploads/2019/01/LZ-Grafik-Unverpackt-Läden-in-Lippe-624x839.jpg 624w, http://www.oetternbach.de/wp-content/uploads/2019/01/LZ-Grafik-Unverpackt-Läden-in-Lippe.jpg 1023w" sizes="(max-width: 223px) 100vw, 223px" /></a></p>

<p>Grafik: Jürgen Schutheiss (Quelle der Läden), veröffentl. LZ, Lebensmittel zu schade für die Tonne, 2.01.2019, Seite 5</p>

2019/01/LZ-Grafik-Unverpackt-Läden-in-Lippe.jpg

LZ-Grafik-Unverpackt-Läden-in-Lippe-150x150.jpg

http://www.oetternbach.de/wp-content/uploads/2019/01/LZ-Grafik-Unverpackt-Läden-in-Lippe-150x150.jpg

LZ-Grafik-Unverpackt-Läden-in-Lippe-223x300.jpg

http://www.oetternbach.de/wp-content/uploads/2019/01/LZ-Grafik-Unverpackt-Läden-in-Lippe-223x300.jpg

LZ-Grafik-Unverpackt-Läden-in-Lippe-768x1033.jpg

http://www.oetternbach.de/wp-content/uploads/2019/01/LZ-Grafik-Unverpackt-Läden-in-Lippe-768x1033.jpg

LZ-Grafik-Unverpackt-Läden-in-Lippe-761x1024.jpg

http://www.oetternbach.de/wp-content/uploads/2019/01/LZ-Grafik-Unverpackt-Läden-in-Lippe-761x1024.jpg

LZ-Grafik-Unverpackt-Läden-in-Lippe-624x839.jpg

http://www.oetternbach.de/wp-content/uploads/2019/01/LZ-Grafik-Unverpackt-Läden-in-Lippe-624x839.jpg

LZ-Grafik-Unverpackt-Läden-in-Lippe.jpg

http://www.oetternbach.de/wp-content/uploads/2019/01/LZ-Grafik-Unverpackt-Läden-in-Lippe.jpg
