{"id":990,"date":"2019-02-11T13:24:13","date_gmt":"2019-02-11T13:24:13","guid":{"rendered":"http:\/\/oetternbach.de\/wp-content\/uploads\/2019\/02\/SZ-Klimawandel-verbreitet-die-gr\u00f6\u00dfte-Angst_11.02.2019.jpg"},"modified":"2019-02-11T13:24:31","modified_gmt":"2019-02-11T13:24:31","slug":"sz-klimawandel-verbreitet-die-groesste-angst_11-02-2019","status":"inherit","type":"attachment","link":"http:\/\/www.oetternbach.de\/?attachment_id=990","title":{"rendered":"SZ Klimawandel verbreitet die gr\u00f6\u00dfte Angst_11.02.2019"},"author":1,"comment_status":"open","ping_status":"closed","template":"","meta":[],"description":{"rendered":"<p class=\"attachment\"><a href='http:\/\/www.oetternbach.de\/wp-content\/uploads\/2019\/02\/SZ-Klimawandel-verbreitet-die-gr\u00f6\u00dfte-Angst_11.02.2019.jpg'><img width=\"300\" height=\"108\" src=\"http:\/\/www.oetternbach.de\/wp-content\/uploads\/2019\/02\/SZ-Klimawandel-verbreitet-die-gr\u00f6\u00dfte-Angst_11.02.2019-300x108.jpg\" class=\"attachment-medium size-medium\" alt=\"\" loading=\"lazy\" srcset=\"http:\/\/www.oetternbach.de\/wp-content\/uploads\/2019\/02\/SZ-Klimawandel-verbreitet-die-gr\u00f6\u00dfte-Angst_11.02.2019-300x108.jpg 300w, http:\/\/www.oetternbach.de\/wp-content\/uploads\/2019\/02\/SZ-Klimawandel-verbreitet-die-gr\u00f6\u00dfte-Angst_11.02.2019-768x276.jpg 768w, http:\/\/www.oetternbach.de\/wp-content\/uploads\/2019\/02\/SZ-Klimawandel-verbreitet-die-gr\u00f6\u00dfte-Angst_11.02.2019-1024x367.jpg 1024w, http:\/\/www.oetternbach.de\/wp-content\/uploads\/2019\/02\/SZ-Klimawandel-verbreitet-die-gr\u00f6\u00dfte-Angst_11.02.2019-624x224.jpg 624w\" sizes=\"(max-width: 300px) 100vw, 300px\" \/><\/a><\/p>\n"},"caption":{"rendered":"<p>SZ 11.02.2019<\/p>\n"},"alt_text":"","media_type":"image","mime_type":"image\/jpeg","media_details":{"width":2952,"height":1059,"file":"2019\/02\/SZ-Klimawandel-verbreitet-die-gr\u00f6\u00dfte-Angst_11.02.2019.jpg","sizes":{"thumbnail":{"file":"SZ-Klimawandel-verbreitet-die-gr\u00f6\u00dfte-Angst_11.02.2019-150x150.jpg","width":150,"height":150,"mime_type":"image\/jpeg","source_url":"http:\/\/www.oetternbach.de\/wp-content\/uploads\/2019\/02\/SZ-Klimawandel-verbreitet-die-gr\u00f6\u00dfte-Angst_11.02.2019-150x150.jpg"},"medium":{"file":"SZ-Klimawandel-verbreitet-die-gr\u00f6\u00dfte-Angst_11.02.2019-300x108.jpg","width":300,"height":108,"mime_type":"image\/jpeg","source_url":"http:\/\/www.oetternbach.de\/wp-content\/uploads\/2019\/02\/SZ-Klimawandel-verbreitet-die-gr\u00f6\u00dfte-Angst_11.02.2019-300x108.jpg"},"medium_large":{"file":"SZ-Klimawandel-verbreitet-die-gr\u00f6\u00dfte-Angst_11.02.2019-768x276.jpg","width":768,"height":276,"mime_type":"image\/jpeg","source_url":"http:\/\/www.oetternbach.de\/wp-content\/uploads\/2019\/02\/SZ-Klimawandel-verbreitet-die-gr\u00f6\u00dfte-Angst_11.02.2019-768x276.jpg"},"large":{"file":"SZ-Klimawandel-verbreitet-die-gr\u00f6\u00dfte-Angst_11.02.2019-1024x367.jpg","width":1024,"height":367,"mime_type":"image\/jpeg","source_url":"http:\/\/www.oetternbach.de\/wp-content\/uploads\/2019\/02\/SZ-Klimawandel-verbreitet-die-gr\u00f6\u00dfte-Angst_11.02.2019-1024x367.jpg"},"post-thumbnail":{"file":"SZ-Klimawandel-verbreitet-die-gr\u00f6\u00dfte-Angst_11.02.2019-624x224.jpg","width":624,"height":224,"mime_type":"image\/jpeg","source_url":"http:\/\/www.oetternbach.de\/wp-content\/uploads\/2019\/02\/SZ-Klimawandel-verbreitet-die-gr\u00f6\u00dfte-Angst_11.02.2019-624x224.jpg"},"full":{"file":"SZ-Klimawandel-verbreitet-die-gr\u00f6\u00dfte-Angst_11.02.2019.jpg","width":2952,"height":1059,"mime_type":"image\/jpeg","source_url":"http:\/\/www.oetternbach.de\/wp-content\/uploads\/2019\/02\/SZ-Klimawandel-verbreitet-die-gr\u00f6\u00dfte-Angst_11.02.2019.jpg"}},"image_meta":{"aperture":"0","credit":"","camera":"","caption":"","created_timestamp":"0","copyright":"","focal_length":"0","iso":"0","shutter_speed":"0","title":"","orientation":"0","keywords":[]}},"post":342,"source_url":"http:\/\/www.oetternbach.de\/wp-content\/uploads\/2019\/02\/SZ-Klimawandel-verbreitet-die-gr\u00f6\u00dfte-Angst_11.02.2019.jpg","_links":{"self":[{"href":"http:\/\/www.oetternbach.de\/index.php?rest_route=\/wp\/v2\/media\/990"}],"collection":[{"href":"http:\/\/www.oetternbach.de\/index.php?rest_route=\/wp\/v2\/media"}],"about":[{"href":"http:\/\/www.oetternbach.de\/index.php?rest_route=\/wp\/v2\/types\/attachment"}],"author":[{"embeddable":true,"href":"http:\/\/www.oetternbach.de\/index.php?rest_route=\/wp\/v2\/users\/1"}],"replies":[{"embeddable":true,"href":"http:\/\/www.oetternbach.de\/index.php?rest_route=%2Fwp%2Fv2%2Fcomments&post=990"}]}}

http://oetternbach.de/wp-content/uploads/2019/02/SZ-Klimawandel-verbreitet-die-größte-Angst_11.02.2019.jpg

SZ Klimawandel verbreitet die größte Angst_11.02.2019

<p class="attachment"><a href='http://www.oetternbach.de/wp-content/uploads/2019/02/SZ-Klimawandel-verbreitet-die-größte-Angst_11.02.2019.jpg'><img width="300" height="108" src="http://www.oetternbach.de/wp-content/uploads/2019/02/SZ-Klimawandel-verbreitet-die-größte-Angst_11.02.2019-300x108.jpg" class="attachment-medium size-medium" alt="" loading="lazy" srcset="http://www.oetternbach.de/wp-content/uploads/2019/02/SZ-Klimawandel-verbreitet-die-größte-Angst_11.02.2019-300x108.jpg 300w, http://www.oetternbach.de/wp-content/uploads/2019/02/SZ-Klimawandel-verbreitet-die-größte-Angst_11.02.2019-768x276.jpg 768w, http://www.oetternbach.de/wp-content/uploads/2019/02/SZ-Klimawandel-verbreitet-die-größte-Angst_11.02.2019-1024x367.jpg 1024w, http://www.oetternbach.de/wp-content/uploads/2019/02/SZ-Klimawandel-verbreitet-die-größte-Angst_11.02.2019-624x224.jpg 624w" sizes="(max-width: 300px) 100vw, 300px" /></a></p>

2019/02/SZ-Klimawandel-verbreitet-die-größte-Angst_11.02.2019.jpg

SZ-Klimawandel-verbreitet-die-größte-Angst_11.02.2019-150x150.jpg

http://www.oetternbach.de/wp-content/uploads/2019/02/SZ-Klimawandel-verbreitet-die-größte-Angst_11.02.2019-150x150.jpg

SZ-Klimawandel-verbreitet-die-größte-Angst_11.02.2019-300x108.jpg

http://www.oetternbach.de/wp-content/uploads/2019/02/SZ-Klimawandel-verbreitet-die-größte-Angst_11.02.2019-300x108.jpg

SZ-Klimawandel-verbreitet-die-größte-Angst_11.02.2019-768x276.jpg

http://www.oetternbach.de/wp-content/uploads/2019/02/SZ-Klimawandel-verbreitet-die-größte-Angst_11.02.2019-768x276.jpg

SZ-Klimawandel-verbreitet-die-größte-Angst_11.02.2019-1024x367.jpg

http://www.oetternbach.de/wp-content/uploads/2019/02/SZ-Klimawandel-verbreitet-die-größte-Angst_11.02.2019-1024x367.jpg

SZ-Klimawandel-verbreitet-die-größte-Angst_11.02.2019-624x224.jpg

http://www.oetternbach.de/wp-content/uploads/2019/02/SZ-Klimawandel-verbreitet-die-größte-Angst_11.02.2019-624x224.jpg

SZ-Klimawandel-verbreitet-die-größte-Angst_11.02.2019.jpg

http://www.oetternbach.de/wp-content/uploads/2019/02/SZ-Klimawandel-verbreitet-die-größte-Angst_11.02.2019.jpg
