{"id":1843,"date":"2021-03-21T14:22:27","date_gmt":"2021-03-21T14:22:27","guid":{"rendered":"http:\/\/www.oetternbach.de\/?page_id=1843"},"modified":"2021-04-07T16:51:24","modified_gmt":"2021-04-07T16:51:24","slug":"archiv-2019","status":"publish","type":"page","link":"http:\/\/www.oetternbach.de\/?page_id=1843","title":{"rendered":"Archiv"},"content":{"rendered":"<h1>2020<\/h1>\n<ul>\n<li><strong>14.12.2020<\/strong> LZ \u201e<a href=\"http:\/\/www.oetternbach.de\/?page_id=24\">Zwischen Windkraft und neuem Gewerbe<\/a>\u201e. Zitat: \u201eDie Bezirksregierung sieht in der Regionalplanung neue Gewerbegebiete in Detmold eher in Richtung Remmighausen \u2013 die Stadt m\u00f6chte sich aber vielmehr in Richtung Lage entwickelt.\u201c W\u00fcrden die W\u00fcnsche der Stadt Detmold umgesetzt, h\u00e4tte das f\u00fcr den Detmolder Westen katastrophale Auswirkungen. Noch mehr Industrie und Gewerbe vertr\u00e4gt die Region nicht.<\/li>\n<li><strong>24.11.2020<\/strong> B\u00fcndnis unterst\u00fctzt NABU-Initiative \u201eVogel des Jahres\u201c mit einer Plakataktion in Detmold an der B239 und ruft auf: W\u00e4hlt den Kiebitz! Der Kiebitz hat auf den Ackerfl\u00e4chen und im NSG eines seiner letzten R\u00fcckzugsgebiete in Lippe. \u00a0<em><a href=\"http:\/\/www.oetternbach.de\/wp-content\/uploads\/2017\/08\/PM_24.11.2020_Vogel-des-Jahres.pdf\">Pressemeldung<\/a><\/em><\/li>\n<li><strong>10.\/11.10.2020<\/strong> LZ <a href=\"http:\/\/www.oetternbach.de\/?page_id=342\">\u201eSpazierg\u00e4nger wundern sich \u00fcber gro\u00dffl\u00e4chige Netze im Wald\u201c<\/a>. Dem Artikel hinzugef\u00fcgt sei: Durch die Trockenheit werden Baumfr\u00fcchte, wie Bucheckern, Eichen, Kastanien, weniger oder schlechter ausgebildet. Daraus folgen: Nachwuchsprobleme. In Bad Salzuflen sammelt der Fachdienst Forst Eicheln von Traubeneichen f\u00fcr die Aufzucht in Baumschulen. Allerdings ein Baum braucht Zeit:\u00a0Vier Jahre bis zur Aufforstungsreife, 30- 40 Jahre bis zum Klimasch\u00fctzer.<\/li>\n<li><strong>10.\/11.10.2020<\/strong> LZ <a href=\"http:\/\/www.oetternbach.de\/?page_id=24\">\u201eStrategien f\u00fcr die Job-Zukunft\u201c<\/a>. Neuer K\u00e4mmerer als Nachfolger von Frank Hilker. Und immer wieder die gleiche Leier: Detmolder Gewerbegebiete sind knapp. Das will man der Bev\u00f6lkerung eintrichtern, w\u00e4hrend in anderen St\u00e4dten B\u00fcroh\u00e4user fast leer stehen, aufgrund von Home Office, als Strategie zur Eind\u00e4mmung der Corona-Pandemie. Die M\u00f6glichkeit\u00a0Home Office zu nutzen, soll zuk\u00fcnftig weiterhin m\u00f6glich sein.<\/li>\n<li><strong>31.08.2020<\/strong> LZ <a href=\"http:\/\/www.oetternbach.de\/?page_id=24\">\u201e400 Lipper demonstrieren gegen Fl\u00e4chenverbrauch\u201c<\/a><\/li>\n<li><strong>14.08.2020<\/strong> Am 23.08.2020 war der Sprecher der Deutschen Gr\u00fcnen Europaabgeordneten Sven Giegold in Detmold\/Jerxen-Orbke. Er nahm die Balbrede in Augenschein und k\u00fcmmert sich um Themen, die die B\u00fcrger umtreiben, B239n, Amazon, etc. <em><a href=\"http:\/\/www.oetternbach.de\/wp-content\/uploads\/2020\/08\/PM-Giegoldbesuch.pdf\">Pressemeldung<\/a><\/em><\/li>\n<li><strong>11.08.2020 <\/strong>LZ, \u201e<a href=\"http:\/\/www.oetternbach.de\/?page_id=24\">LZ-Wahlmobil h\u00e4lt in Detmold\u201c<\/a>.\u00a0 B\u00fcrgermeisterkandidat J\u00f6rg Thelaner (CDU): \u201eDie Balbrede muss gelingen.\u201c<\/li>\n<li><strong>2.07.2020<\/strong> LZ <a href=\"http:\/\/www.oetternbach.de\/wp-content\/uploads\/2017\/08\/LZ_02-07-2020_Balbrede.pdf\">\u201eN\u00e4chster Anlauf f\u00fcr die Balbrede\u201c<\/a>. Erste Vorschl\u00e4ge der Gutachter liegen auf dem Tisch. \u00d6ffentlich sind sie nicht.\u00a0 F\u00fcnf Varianten f\u00fcr die Erschlie\u00dfungsstra\u00dfen wurden untersucht. F\u00fcr diejenige, die am besten geeignet w\u00e4re, muss das NSG Oetternbach verkleinert werden. Der Keis Lippe m\u00fcsste zustimmen und w\u00fcrde es wohl tun, wenn Ausgleichsfl\u00e4chen geschaffen\u00a0 w\u00fcrden und die Stra\u00dfe teilweise nur einspurig verl\u00e4uft.<\/li>\n<li><strong>26.06.2020<\/strong>\u00a0LZ \u201e<a href=\"http:\/\/www.oetternbach.de\/?page_id=342\">NABU kritisiert Architektur<\/a>\u201e. Geb\u00e4udebr\u00fctende Vogelarten finden keine Nistm\u00f6glichkeiten, das gilt f\u00fcr Wohn- und Industriebauten. Als Beispiel ist das geplante Amazon-Logistik-Zentrum in Belle genannt.<\/li>\n<li><strong>25.06.2020<\/strong> \u201e<a href=\"http:\/\/www.oetternbach.de\/?page_id=24\">Hilfe bei der Aufforstung<\/a>\u201e, LZ, 25.06.2020. Ein Vergleich von PM vom 16.06.2020 und Artikel lohnt.<\/li>\n<li><strong>16.06.2020<\/strong> Der Wald stirbt. Hier Fichten in der Brinkmesche. Eine <em><a href=\"http:\/\/www.oetternbach.de\/?page_id=349\">Pressemeldung<\/a> <\/em>wurde dazu verschickt.<\/li>\n<li><strong>5.05.2020<\/strong> \u201e<a href=\"http:\/\/www.oetternbach.de\/?page_id=24\">Kein Kompromiss f\u00fcr die Balbrede<\/a>\u201e, LZ online, 5.05.2020<\/li>\n<li><strong>29.04.2020<\/strong><em><a href=\"http:\/\/www.oetternbach.de\/?page_id=349\"> Pressemeldung<\/a><\/em>: Fl\u00e4chenverbrauch \u2013 Was sagen die Parteien. Kurze Zusammenfassung der Gespr\u00e4che mit den Fraktionen an den regionalen Presseverteiler verschickt.<\/li>\n<li><strong>9.03.2020<\/strong> LZ \u201e<a href=\"https:\/\/b239n-neindanke.de\/wp-content\/uploads\/2020\/03\/200309-LZ-Kreis-Lippe-Landwirte-Heimatbund-Kommentar.pdf\">Bauern machen gegen 239n mobil<\/a>\u201e, Landwirte gegen den Ausbau der B239. Dieter Hagedorn, Vorsitzender des Lippischen Bauernverbandes, sagt, er werde weiter dagegen k\u00e4mpfen.<\/li>\n<li><strong>30.01.2020 B<\/strong>is Ende 2021 will\u00a0<strong>Amazon\u00a0<\/strong>im Industriegebiet an der B239 zwischen den Orten Belle und W\u00f6bbel ein gro\u00dfes Logistikzentrum bauen.\u00a0Horns B\u00fcrgermeister Stefan Rother bezeichnet das als Sechser im Lotto (Neue Westf\u00e4lische). Viele B\u00fcrger sind nicht sehr begeistert.<\/li>\n<li><strong>28.01.2020<\/strong> Gute Nachrichten: Die \u201eVolksinitiative Artenvielfalt\u201c soll in NRW im Fr\u00fchjahr starten. Die drei gro\u00dfen NRW-Naturschutzverb\u00e4nde: Bund f\u00fcr Umwelt und Naturschutz Deutschland (BUND), Landesgemeinschaft Naturschutz und Umwelt (LNU) und Naturschutzbund Deutschland (NABU) wollen Unterschriften sammeln und damit Druck auf die Landesregierung machen. Mehr dazu im <a href=\"http:\/\/www.oetternbach.de\/?page_id=342\">SZ-Artikel<\/a> und einer gemeinsamen <em><a href=\"http:\/\/www.oetternbach.de\/?page_id=342\">PM<\/a><\/em>.<\/li>\n<li><strong>28.01.2020<\/strong> Schlechte Nachrichten: Ein Leserbrief in der LZ macht nachdenklich: Hat die Stadt Detmold verstanden, was Artenschwund bedeutet? <a href=\"http:\/\/www.oetternbach.de\/?page_id=24\">Lesen Sie selbst.<\/a><\/li>\n<li><strong>23.01.2020<\/strong> <em><a href=\"http:\/\/www.oetternbach.de\/?page_id=349\">Pressemeldung<\/a> <\/em>an die Lippische Tagespresse zur Klarstellung der Sachlage \u201eWeggang von TAOASIS\u201c versandt. Wir haben mit Axel Meyer, Gesch\u00e4ftsf\u00fchrer von TAOASIS gesprochen. Er hat erkl\u00e4rt warum es dazu kam.<\/li>\n<li><strong>16.01.2020<\/strong> Hilfreiche <a href=\"http:\/\/www.oetternbach.de\/?page_id=342\">Klageverfahren<\/a> und Gerichtsurteile<strong>!!!<\/strong> Rechtsbruch wegen Klimawandel wird nicht bestraft. Dieses Urteil in der Schweiz st\u00e4rkt Klimaaktivisten den R\u00fccken. In Deutschland verklagen Klimaaktivisten die Bundesregierung.<\/li>\n<li><strong>15.01.2020<\/strong> LZ \u201e<a href=\"http:\/\/www.oetternbach.de\/?page_id=24\">Der Bedarf an Gewerbefl\u00e4chen bleibt hoch<\/a>\u201e, drei Hektar pro Jahr w\u00fcrden gebraucht. Bei der Fl\u00e4chenversiegelung hat Detmold eine gute Bilanz und es gibt viel mehr Arbeitspl\u00e4tze als im Jahr 2009. St\u00e4ndig werden die positiven Seite wiederholt und Faken wie Bev\u00f6lkerungsr\u00fcckgang in der Region, zunehmender Fachkr\u00e4ftemangel <span style=\"text-align: left; color: #444444; text-transform: none; text-indent: 0px; letter-spacing: normal; font-family: 'Open Sans',Helvetica,Arial,sans-serif; font-size: 14px; font-style: normal; font-variant: normal; font-weight: 400; text-decoration: none; word-spacing: 0px; float: none; display: inline !important; white-space: normal; orphans: 2; background-color: #ffffff; -webkit-text-stroke-width: 0px;\"><span style=\"font-family: Helvetica;\">oder Folgen des Klimawandels<\/span><\/span> ausgeblendet. Schade. Die Glaubhaftigkeit der derzeitig politisch Verantwortlichen, der Wirtschaftsf\u00f6rderung, der Medien verliert zunehmend an Boden.<\/li>\n<li><strong>8.01.2020<\/strong> Die Vereinigung LIPPE \u00f6koLOGISCH, bei der das Aktionsb\u00fcndnis Initiator und Mitglied ist, hatte den Stadtr\u00e4ten aus Lage, Bad Salzuflen und Detmold einen autofreien Tag auf der B239 vorgeschlagen. Detmold will eine <a href=\"http:\/\/www.oetternbach.de\/?page_id=24\">eigene Idee<\/a> in der Innenstadt verwirklichen.<\/li>\n<\/ul>\n<h1><strong>2019<\/strong><\/h1>\n<ul>\n<li><strong>18.12.2019 Super Idee:<\/strong> LZ \u201e<a href=\"http:\/\/www.oetternbach.de\/?page_id=342\">Ein Acker f\u00fcr die Artenvielfalt<\/a>\u201c \u2013 Unterst\u00fctzenswert, werden Sie <strong>\u201eBl\u00fch-Pate\u201c!<\/strong> Die Br\u00fcder Alteheld aus Wehren wollen einen bl\u00fchenden Acker f\u00fcr die Artenvielfalt anlegen. Das Aktionsb\u00fcndnis unterst\u00fctzt das Vorhaben. Sie auch?<\/li>\n<li><strong>29.11.2019<\/strong>\u00a0 LZ \u201e<a href=\"http:\/\/www.oetternbach.de\/?page_id=24\">Taoasis: Initiative bedauert es<\/a>\u201c Brisanter! Die LZ hat den Offen Brief vom Aktionsb\u00fcndnis redaktionell \u00fcberarbeitet. Das Taoasis die Ackerfl\u00e4chen erhalten und beackern wollte, fehlt. Das das Aktionsb\u00fcndnis f\u00fcr den Weggang von Taoasis nicht verantwortlich ist, auch nicht aufgrund der Klage gegen den Bebauungsplan, fehlt. Das man sich gegen Anschuldigungen von B\u00fcrgermeister Heller diesbez\u00fcglich wehrt, fehlt. Objektive Berichterstattung? Ein Textvergleich mit dem Originalbrief lohnt.<\/li>\n<li>\u00a0<strong>27.11.2019<\/strong> LZ <a href=\"http:\/\/www.oetternbach.de\/?page_id=24\">\u201eKeine duften Fl\u00e4chen f\u00fcr Taoasis in Sicht\u201c<\/a>. Brisant! Die Stadt Detmold schiebt die Schuld f\u00fcr den Weggang von Taoasis aus Detmold\u00a0<span style=\"text-align: left; color: #444444; text-transform: none; text-indent: 0px; letter-spacing: normal; font-family: 'Open Sans',Helvetica,Arial,sans-serif; font-size: 14px; font-style: normal; font-variant: normal; font-weight: 400; text-decoration: none; word-spacing: 0px; float: none; display: inline !important; white-space: normal; orphans: 2; background-color: #ffffff; -webkit-text-stroke-width: 0px;\"><span style=\"font-family: Helvetica;\">der Klage gegen den Bebauungsplan Balbrede und damit zwischen den Zeilen dem Aktionsb\u00fcndnis zu. Die Wahrheit dar\u00fcber steht in einem <\/span><a href=\"http:\/\/www.oetternbach.de\/?page_id=349\"><em>Offenen Brief<\/em> <\/a><span style=\"font-family: Helvetica;\">an B\u00fcrgermeister Heller.<\/span><\/span><b><\/b><i><\/i><u><\/u><\/li>\n<li><strong>2.06.2019<\/strong> <a href=\"http:\/\/www.oetternbach.de\/?page_id=349\"><em>Pressemeldung<\/em><\/a>: NRW Umweltministerin Heinen-Esser er\u00f6ffnet Bodenaktionswoche<\/li>\n<li><strong>14.05.2019<\/strong> <a href=\"http:\/\/www.oetternbach.de\/?page_id=349\"><em>Pressemeldung<\/em><\/a>: Gespr\u00e4ch vom \u201eAktionsb\u00fcndnis: Detmolder Westen\u201c und dem B\u00fcndnis \u201ePro Mensch &amp; Natur\u201c mit dem Petitionsausschuss des Landtages NRW<\/li>\n<li><strong>16.\/17.02.2019<\/strong> LZ \u201eB\u00fcrger sind gegen Areale f\u00fcr Gewerbe\u201c (s. Presse) Tipp: <em><a href=\"http:\/\/www.oetternbach.de\/?page_id=349\">Pressemeldung<\/a> <\/em>(PM) vom 11.02.2029 lesen und vergleichen. Dieser Artikel ist aufgrund der PM entstanden.<\/li>\n<li><strong>11.02.2019<\/strong> <a href=\"http:\/\/www.oetternbach.de\/?page_id=349\"><em>Pressemeldung<\/em><\/a>: \u201eWie viele Gewerbefl\u00e4chen hat Detmold wirklich\u201c<\/li>\n<li><strong>31.01.2019<\/strong> LZ \u201e<a href=\"http:\/\/www.oetternbach.de\/?page_id=24\">Gewerbefl\u00e4chen werden immer knapper<\/a>\u201c<\/li>\n<li><strong>22.01.2019<\/strong> LZ Artikel thematisiert \u201e<a href=\"http:\/\/www.oetternbach.de\/?page_id=24\">Balbrede<\/a>\u201c<\/li>\n<li><strong>3.01.2019<\/strong> LZ <a href=\"http:\/\/www.oetternbach.de\/?page_id=24\">Neue Gutachten zu Gewerbefl\u00e4chen<\/a>\u00a0 Die Stadt Detmold pr\u00fcft, ob sich ein zweiter Anlauf f\u00fcr ein Gewerbegebiet an der B239 lohnt und untersucht nun auch den Peterskamp, der bereits neben der Balbrede als zweiter Bauabschnitt geplant war.<\/li>\n<\/ul>\n<p>&nbsp;<\/p>\n","protected":false},"excerpt":{"rendered":"<p>2020 14.12.2020 LZ \u201eZwischen Windkraft und neuem Gewerbe\u201e. Zitat: \u201eDie Bezirksregierung sieht in der Regionalplanung neue Gewerbegebiete in Detmold eher in Richtung Remmighausen \u2013 die Stadt m\u00f6chte sich aber vielmehr in Richtung Lage entwickelt.\u201c W\u00fcrden die W\u00fcnsche der Stadt Detmold umgesetzt, h\u00e4tte das f\u00fcr den Detmolder Westen katastrophale Auswirkungen. Noch mehr Industrie und Gewerbe vertr\u00e4gt [&hellip;]<\/p>\n","protected":false},"author":1,"featured_media":0,"parent":0,"menu_order":0,"comment_status":"closed","ping_status":"closed","template":"","meta":[],"_links":{"self":[{"href":"http:\/\/www.oetternbach.de\/index.php?rest_route=\/wp\/v2\/pages\/1843"}],"collection":[{"href":"http:\/\/www.oetternbach.de\/index.php?rest_route=\/wp\/v2\/pages"}],"about":[{"href":"http:\/\/www.oetternbach.de\/index.php?rest_route=\/wp\/v2\/types\/page"}],"author":[{"embeddable":true,"href":"http:\/\/www.oetternbach.de\/index.php?rest_route=\/wp\/v2\/users\/1"}],"replies":[{"embeddable":true,"href":"http:\/\/www.oetternbach.de\/index.php?rest_route=%2Fwp%2Fv2%2Fcomments&post=1843"}],"version-history":[{"count":3,"href":"http:\/\/www.oetternbach.de\/index.php?rest_route=\/wp\/v2\/pages\/1843\/revisions"}],"predecessor-version":[{"id":1884,"href":"http:\/\/www.oetternbach.de\/index.php?rest_route=\/wp\/v2\/pages\/1843\/revisions\/1884"}],"wp:attachment":[{"href":"http:\/\/www.oetternbach.de\/index.php?rest_route=%2Fwp%2Fv2%2Fmedia&parent=1843"}],"curies":[{"name":"wp","href":"https:\/\/api.w.org\/{rel}","templated":true}]}}