{"id":1873,"date":"2021-04-07T15:57:09","date_gmt":"2021-04-07T15:57:09","guid":{"rendered":"http:\/\/www.oetternbach.de\/?page_id=1873"},"modified":"2021-04-07T16:56:49","modified_gmt":"2021-04-07T16:56:49","slug":"waldsterben","status":"publish","type":"page","link":"https:\/\/www.oetternbach.de\/?page_id=1873","title":{"rendered":"Waldsterben"},"content":{"rendered":"<h3>Waldsterben vor unserer Haust\u00fcr<\/h3>\n<p><span style=\"font-size: 1rem;\"><strong>24.06.2020<\/strong>,\u00a0<\/span><span style=\"font-size: 1rem;\">LZ\u00a0 &#8222;<a href=\"http:\/\/www.oetternbach.de\/?page_id=342\">Das Fichtensterben steht vor der Vollendung<\/a>&#8222;.\u00a0<\/span><span style=\"font-size: 1rem;\">Lemgo: 30% des Stadtwaldes werden eingehen. Fichten werde es so in Zukunft nicht mehr geben, erkl\u00e4rte F\u00f6rster Hans Friedrich Meiercord vor dem Umweltausschuss. K\u00fcnstliche Eingriffe wird es nicht geben, auch da jedes Jahr 750.000 Kubikmeter des Bodens der nachhaltigen Trinkwasserversorgung dienen.\u00a0<\/span>Auch die am Oetternbach gelegene Brinkmesche ist vom Fichtensterben nicht verschont (s.a. Pressemeldung).<\/p>\n<div id=\"attachment_1630\" style=\"width: 635px\" class=\"wp-caption alignnone\"><a href=\"http:\/\/www.oetternbach.de\/wp-content\/uploads\/2017\/08\/DSC02504_Fichtensterben.jpg\"><img aria-describedby=\"caption-attachment-1630\" loading=\"lazy\" class=\"size-large wp-image-1630\" src=\"http:\/\/www.oetternbach.de\/wp-content\/uploads\/2017\/08\/DSC02504_Fichtensterben-1024x683.jpg\" alt=\"\" width=\"625\" height=\"417\" srcset=\"https:\/\/www.oetternbach.de\/wp-content\/uploads\/2017\/08\/DSC02504_Fichtensterben-1024x683.jpg 1024w, https:\/\/www.oetternbach.de\/wp-content\/uploads\/2017\/08\/DSC02504_Fichtensterben-300x200.jpg 300w, https:\/\/www.oetternbach.de\/wp-content\/uploads\/2017\/08\/DSC02504_Fichtensterben-768x512.jpg 768w, https:\/\/www.oetternbach.de\/wp-content\/uploads\/2017\/08\/DSC02504_Fichtensterben-624x416.jpg 624w\" sizes=\"(max-width: 625px) 100vw, 625px\" \/><\/a><p id=\"caption-attachment-1630\" class=\"wp-caption-text\">Fichtensterben in der Brinkmesche am Nordring &#8211; Foto: Helmut Kr\u00fcger, Juni 2020<\/p><\/div>\n<div id=\"attachment_1741\" style=\"width: 635px\" class=\"wp-caption alignnone\"><a href=\"http:\/\/www.oetternbach.de\/wp-content\/uploads\/2017\/08\/Waldsterben-Lemgo-Spiegelberg_Willi-Hennebr\u00fcder.jpg\"><img aria-describedby=\"caption-attachment-1741\" loading=\"lazy\" class=\"size-large wp-image-1741\" src=\"http:\/\/www.oetternbach.de\/wp-content\/uploads\/2017\/08\/Waldsterben-Lemgo-Spiegelberg_Willi-Hennebr\u00fcder-1024x587.jpg\" alt=\"\" width=\"625\" height=\"358\" srcset=\"https:\/\/www.oetternbach.de\/wp-content\/uploads\/2017\/08\/Waldsterben-Lemgo-Spiegelberg_Willi-Hennebr\u00fcder-1024x587.jpg 1024w, https:\/\/www.oetternbach.de\/wp-content\/uploads\/2017\/08\/Waldsterben-Lemgo-Spiegelberg_Willi-Hennebr\u00fcder-300x172.jpg 300w, https:\/\/www.oetternbach.de\/wp-content\/uploads\/2017\/08\/Waldsterben-Lemgo-Spiegelberg_Willi-Hennebr\u00fcder-768x440.jpg 768w, https:\/\/www.oetternbach.de\/wp-content\/uploads\/2017\/08\/Waldsterben-Lemgo-Spiegelberg_Willi-Hennebr\u00fcder-624x358.jpg 624w, https:\/\/www.oetternbach.de\/wp-content\/uploads\/2017\/08\/Waldsterben-Lemgo-Spiegelberg_Willi-Hennebr\u00fcder.jpg 1266w\" sizes=\"(max-width: 625px) 100vw, 625px\" \/><\/a><p id=\"caption-attachment-1741\" class=\"wp-caption-text\">Waldsterben Lemgo-Spiegelberg\u00a0 &#8211; Foto: Willi Hennebr\u00fcder, Oktober 2020<\/p><\/div>\n","protected":false},"excerpt":{"rendered":"<p>Waldsterben vor unserer Haust\u00fcr 24.06.2020,\u00a0LZ\u00a0 &#8222;Das Fichtensterben steht vor der Vollendung&#8222;.\u00a0Lemgo: 30% des Stadtwaldes werden eingehen. Fichten werde es so in Zukunft nicht mehr geben, erkl\u00e4rte F\u00f6rster Hans Friedrich Meiercord vor dem Umweltausschuss. K\u00fcnstliche Eingriffe wird es nicht geben, auch da jedes Jahr 750.000 Kubikmeter des Bodens der nachhaltigen Trinkwasserversorgung dienen.\u00a0Auch die am Oetternbach gelegene [&hellip;]<\/p>\n","protected":false},"author":1,"featured_media":0,"parent":0,"menu_order":0,"comment_status":"closed","ping_status":"closed","template":"","meta":[],"_links":{"self":[{"href":"https:\/\/www.oetternbach.de\/index.php?rest_route=\/wp\/v2\/pages\/1873"}],"collection":[{"href":"https:\/\/www.oetternbach.de\/index.php?rest_route=\/wp\/v2\/pages"}],"about":[{"href":"https:\/\/www.oetternbach.de\/index.php?rest_route=\/wp\/v2\/types\/page"}],"author":[{"embeddable":true,"href":"https:\/\/www.oetternbach.de\/index.php?rest_route=\/wp\/v2\/users\/1"}],"replies":[{"embeddable":true,"href":"https:\/\/www.oetternbach.de\/index.php?rest_route=%2Fwp%2Fv2%2Fcomments&post=1873"}],"version-history":[{"count":4,"href":"https:\/\/www.oetternbach.de\/index.php?rest_route=\/wp\/v2\/pages\/1873\/revisions"}],"predecessor-version":[{"id":1891,"href":"https:\/\/www.oetternbach.de\/index.php?rest_route=\/wp\/v2\/pages\/1873\/revisions\/1891"}],"wp:attachment":[{"href":"https:\/\/www.oetternbach.de\/index.php?rest_route=%2Fwp%2Fv2%2Fmedia&parent=1873"}],"curies":[{"name":"wp","href":"https:\/\/api.w.org\/{rel}","templated":true}]}}